(p) = -12*p - 188. Let j be r(-18). Suppose 8*k = 8101 - 2053. What is the highest common factor of k and j?
28
Let c be 97150/1206 + (-8)/(-18). What is the highest common divisor of c and 279?
9
Let a be (2 + (-5)/2)*-2*738. Let l be 82*((-14)/(-6) - 24/18). Calculate the highest common factor of a and l.
82
Suppose -2*t + 15*t = 1937 + 949. Calculate the highest common divisor of 2738 and t.
74
Let n(u) = 14*u**3 + 49*u**2 - 187*u + 10. Let s be n(4). Calculate the greatest common divisor of 4 and s.
2
Let r be 3 + 2 + (780 - 2) + -3. Calculate the greatest common divisor of 702 and r.
78
Let k(c) = c**3 + 90*c**2 + 175*c - 84. Let o be k(-88). What is the greatest common divisor of o and 394?
2
Let j = 1602 - 1596. Suppose 61 = 2*y - 5*m, 0*y = 5*y - 4*m - 161. Calculate the greatest common factor of j and y.
3
Suppose 20*v - 526 + 246 = 0. Suppose 0 - 4 = -2*x. Suppose -y - f + 120 = -4*f, -x*y - f + 254 = 0. What is the highest common divisor of v and y?
14
Suppose -32*v + 37*v - 65 = 0. Suppose -248 - 181 = -v*z. Calculate the highest common divisor of z and 6.
3
Let i(x) = 2*x - 36. Let q be i(19). Suppose -2*d - 5*o = -521, -2*o - q*o = 2*d - 516. What is the highest common divisor of 8 and d?
8
Let x = -1858 - -1970. Calculate the greatest common factor of 378 and x.
14
Let q = 2606 + -2596. Let g(m) = -40*m + 10. Let s be g(-13). What is the greatest common divisor of s and q?
10
Let u = 250 - 133. Let x(i) = 2*i**2 + 5*i - 7. Let g be x(3). Calculate the highest common factor of u and g.
13
Let b(a) = a**3 - 25*a**2 + 72*a - 94. Let y be b(33). Calculate the highest common factor of y and 46.
46
Let x(g) = -g + 129. Let t be x(-7). Let h = 138 - t. What is the greatest common divisor of h and 3?
1
Let z be 2/(-4)*(18/(-2) + 3). Let c(j) = -33 + 3*j + z*j - 2. Let x be c(15). Calculate the greatest common factor of x and 5.
5
Let y = 71 + -80. Let d be (-1 - 3)*(-8 - y). Let k be -1 + 9 + (-2 - d). What is the highest common factor of k and 110?
10
Let r(x) = -x**3 + 46*x**2 - 40*x - 223. Let w be r(45). Suppose 3*s = -w*y + 521, 4*y + 337 + 331 = 4*s. Calculate the greatest common factor of s and 9.
9
Suppose 2*n + 62*s - 5610 = 61*s, 0 = -5*n - 4*s + 14025. What is the highest common factor of n and 33?
33
Suppose -1076 = 7*z + 436. Let n = z - -420. Calculate the highest common divisor of n and 12.
12
Let s(h) = 26*h + 2. Let q be s(3). Let k = -48793 + 48853. What is the highest common divisor of q and k?
20
Suppose 4*n - 105 = -5*y, -13*y + 15 = n - 14*y. Let j be (3 - n/5)/(4/(-812)). What is the greatest common divisor of 232 and j?
29
Let k = -4711 + 5376. What is the highest common divisor of 140 and k?
35
Let c = 141 - 647. Let r = c + 508. Let q(j) = j**2 + 3*j + 6. Let z be q(-4). Calculate the greatest common divisor of r and z.
2
Suppose -3*l + 2850 = -0*l + 996. What is the highest common divisor of l and 66?
6
Suppose 0 = 3*y - 854 + 293. Let t = 262 - y. What is the highest common factor of t and 15?
15
Let t(a) = 64*a + 17. Let r be t(3). Let k be (-2)/(-12) - 2147/(-114). What is the greatest common divisor of r and k?
19
Let u be (-11)/(-176) - (-7575)/400. Suppose 3*c + 2*z = 5*c, 3*c + 5*z - 24 = 0. Suppose c*y - y = 38. Calculate the greatest common factor of u and y.
19
Suppose -159*x - 94*x + 631168 = -575895. Calculate the greatest common factor of 13 and x.
13
Suppose 0 = 266*t + 293*t + 190*t - 170772. What is the greatest common factor of t and 4044?
12
Suppose -1323 = -7*r - 2*r. Suppose -r + 35 = -8*v. Let i be v/21 + (-40)/(-3). What is the highest common factor of i and 21?
7
Suppose -4 = 4*u, 9*w - 5*w - 69 = 5*u. Calculate the highest common factor of 1052 and w.
4
Let n(o) = o**2 + 10*o - 16. Let t be n(-11). Let p be ((-8)/t)/((-24)/(-660)). Calculate the greatest common divisor of p and 286.
22
Let n(d) = -17*d**2 - 201*d + 67. Let y be n(-10). Let c = 35 + -22. Calculate the greatest common divisor of c and y.
13
Let s = -23 - -31. Let r be 4 + (-4)/(s/(-4)). Suppose 0 = 4*l + 7 - 223. Calculate the highest common divisor of r and l.
6
Let g = -546 + 770. Suppose -1336*p - 4 = -1338*p. Suppose 0 = 3*l - 4*n - 88, 0 = -5*l + p*l - 2*n + 100. What is the greatest common divisor of l and g?
32
Suppose -3*d + 45*n + 480 = 49*n, 8*d = -3*n + 1257. Calculate the highest common factor of 5226 and d.
78
Let i be 243 - (6/(-42)*14 - (1 + -1)). Calculate the greatest common factor of i and 23765.
245
Suppose -5*q = -3*m + 524, -25*m - 2*q = -30*m + 848. Let s = -11 - -35. Calculate the highest common factor of m and s.
24
Let i = 288 + -292. Let f be 2*429/(-55)*10/i. Calculate the highest common factor of 156 and f.
39
Let y = 35 + -9. Let q be (y/4 - 3)*(-32)/(-14). Suppose 0 = -3*s - s + q. Calculate the greatest common factor of 9 and s.
1
Let o be (28 - 0)*((-2)/8 - -2). Suppose -n - 822 = -5*h, -h - 3*n = -125 - o. Calculate the highest common factor of 33 and h.
33
Suppose a + 4*g = 105, -5*a + 3*g + 373 + 244 = 0. Suppose -5*n - 27 = -82. Calculate the highest common factor of a and n.
11
Let m = 37919 - 37903. Let d = 0 - -3. Suppose 2*b = -2*n + 20, n + 32 = d*b + 5*n. Calculate the greatest common divisor of m and b.
8
Suppose -4611 - 3138 = 27*k. Let d = 296 + k. Calculate the highest common factor of d and 540.
9
Let b be 5/1 + (-2 - -5). Let l(x) = 20*x**3 - 2*x**2 + 2*x + 2. Let i be l(-2). Let g = -138 - i. What is the greatest common divisor of b and g?
8
Suppose -24*y + 27*y + 5*m = 41, -5*y + 58 = -2*m. Calculate the greatest common factor of y and 9.
3
Suppose -13*z = -5*t - 16*z + 3943, -5*t + 5*z = -3935. Suppose 690 = -2*r + t. Calculate the highest common factor of r and 14.
7
Let h be (8671/(-174) - (-2)/(-12))/(4/(-34)). Calculate the highest common divisor of h and 2720.
85
Let p(z) = -12*z + 122. Let k be p(-26). Let i be 2 - 19/(38/(-120)). What is the highest common divisor of k and i?
62
Let k(w) = -w**3 + 13*w**2 - 10*w + 11. Let i be k(12). Let v be (-7)/7*(0 - i). Let z = -112 - -126. What is the greatest common divisor of z and v?
7
Suppose 4195 + 12572 = 23*o. What is the greatest common factor of o and 2025?
81
Suppose -2*s + 3*o = o, 21 = 3*s + 4*o. Let u be (s*-1)/((-84)/812). Suppose -205 - u = -2*i. What is the highest common divisor of 78 and i?
39
Suppose 0 = -4*z - 5 + 69. Let n = z + -13. Suppose -n*q = 3*q - 360. Calculate the highest common factor of 20 and q.
20
Let i(d) = 362*d - 327. Let o be i(1). Suppose 9*h + 1925 = 14*h. Calculate the highest common divisor of h and o.
35
Let l(h) = -29*h - 29. Let w be l(-11). Let s = w + -266. Calculate the highest common factor of 8 and s.
8
Suppose 2 = 2*c, 74*t = 76*t + 4*c - 1252. What is the greatest common factor of t and 168?
24
Suppose t = 2*o + 42, -o + 16 = t - 23. Let z be 37*(-3 - (-25)/5). Let q = 26 + z. What is the greatest common factor of t and q?
20
Suppose -11*l - 180*l + 879 = -1031. Suppose -d + 0*d + 50 = 0. Calculate the greatest common factor of d and l.
10
Suppose 6*a + 16 - 16 = 0. Suppose a*b = -3*b + 5*w + 279, -2*b + 2*w = -190. What is the highest common divisor of b and 14?
14
Suppose -4*r - 3*a - 7 = 0, r - 27 = 9*a - 4*a. Suppose r*n - 40 = 9*c - 4*c, -5*c + 65 = 5*n. Calculate the greatest common factor of 85 and n.
5
Let n be (-24)/18 + 5842/381. Suppose s - 2*s - 2*i + 95 = 0, -6 = -3*i. What is the highest common factor of s and n?
7
Let w(l) = -26*l + 26*l - 16*l - 16. Let r be w(-10). Let v(x) = 15*x**2 - 9*x - 8. Let j be v(-1). What is the greatest common factor of j and r?
16
Suppose 396*y - 66440 = 286*y. What is the greatest common factor of 4 and y?
4
Suppose 3 - 2 = -j, -f = j - 43. Suppose 14*g + 1264 - 4344 = 0. What is the greatest common divisor of f and g?
44
Suppose -12 = -10*a + 8. Let c(v) = 32*v - 40. Let z be c(a). What is the greatest common factor of z and 24?
24
Suppose 257*o = 858*o - 7929594. Calculate the highest common divisor of o and 9.
9
Let o be -1*(-2 + 11 + -4). Let i = o - -18. Let x(u) = 2*u**3 + 15*u**2 - 4*u - 25. Let a be x(-7). Calculate the greatest common divisor of a and i.
13
Let l(y) = 6*y**2 + 6*y + 5 + 13*y**2 - 3*y. Let r be l(-1). Let a = -4 - -18. Calculate the greatest common factor of a and r.
7
Let w(m) = 28*m**2. Suppose 4 